{"id":19,"date":"2017-06-10T08:34:22","date_gmt":"2017-06-10T08:34:22","guid":{"rendered":"http:\/\/xtratheme.combarber\/?page_id=13"},"modified":"2024-01-24T19:55:38","modified_gmt":"2024-01-24T18:55:38","slug":"faq","status":"publish","type":"page","link":"https:\/\/franzfrickel.de\/?page_id=19","title":{"rendered":"Impressum"},"content":{"rendered":"<div class=\"wpb-content-wrapper\"><p>[vc_row][vc_column width=&#8220;1\/6&#8243;]<div class=\"cz_gap clr  hide_on_tablet hide_on_mobile\" style=\"height: 100px\"><\/div><div class=\"cz_gap show_on_tablet clr \" style=\"height: 50px\"><\/div><div class=\"cz_gap clr \" style=\"height: 70px\"><\/div>[\/vc_column][vc_column width=&#8220;2\/3&#8243;]<div id=\"cz_27147\" class=\"cz_27147 cz_title clr cz_title_pos_inline tac\"><div class=\"cz_title_shape shape_text cz_shape_1\">Das unvermeidliche<\/div><div class=\"cz_title_content\"><span class=\"cz_line_side_solo\">_<\/span><div class=\"cz_wpe_content\"><div style=\"line-height: 1;\">\n<p style=\"text-align: center;\"><span style=\"font-size: 50px;\"><strong><span style=\"font-family: Arizonia;\">Impressum<br \/>\n<\/span><\/strong><\/span><\/p>\n<\/div>\n<\/div><span class=\"cz_line_side_solo cz_line_side_after\" style=\"left:-70px\">_<\/span><\/div><\/div><div class=\"cz_gap clr \" style=\"height: 100px\"><\/div>[vc_column_text]<\/p>\n<div style=\"line-height: 1.4;\">\n<div style=\"line-height: 1;\">\n<div style=\"line-height: 1.6;\">\n<section id=\"content\">\n<div id=\"post-12243\" class=\"post-12243 page type-page status-publish hentry\">\n<div class=\"post-content\">\n<div class=\"fusion-fullwidth fullwidth-box fusion-builder-row-2 nonhundred-percent-fullwidth non-hundred-percent-height-scrolling\">\n<div class=\"fusion-builder-row fusion-row\">\n<div class=\"fusion-layout-column fusion_builder_column fusion-builder-column-1 fusion_builder_column_1_1 1_1 fusion-one-full fusion-column-first fusion-column-last fusion-column-no-min-height\">\n<div class=\"fusion-column-wrapper fusion-flex-column-wrapper-legacy\">\n<section id=\"content\">\n<div id=\"post-12243\" class=\"post-12243 page type-page status-publish hentry\">\n<div class=\"post-content\">\n<div class=\"fusion-fullwidth fullwidth-box fusion-builder-row-2 nonhundred-percent-fullwidth non-hundred-percent-height-scrolling\">\n<div class=\"fusion-builder-row fusion-row\">\n<div class=\"fusion-layout-column fusion_builder_column fusion-builder-column-1 fusion_builder_column_1_1 1_1 fusion-one-full fusion-column-first fusion-column-last fusion-column-no-min-height\">\n<div class=\"fusion-column-wrapper fusion-flex-column-wrapper-legacy\">\n<div class=\"fusion-text fusion-text-1\">\n<h6 class=\"fusion-responsive-typography-calculated\" style=\"text-align: center;\" data-fontsize=\"24\" data-lineheight=\"33.8333px\"><span style=\"font-size: 13px;\">Anbieter im Sinne des Teledienstegesetzes (TDG) und des Mediendienste-Staatsvertrages (MDStV) und Verantwortlicher im Sinne des MDStV sowie gem\u00e4\u00df \u00a7 10 Absatz 3 MDStV: <\/span><\/h6>\n<h6 style=\"text-align: center;\"><span style=\"font-size: 13px;\">Franz Frickel, Dettelbacher Weg 26, D-13189 Berlin, mail@franzfrickel.de<br \/>\n<\/span><\/h6>\n<h6 class=\"fusion-responsive-typography-calculated\" style=\"text-align: center;\" data-fontsize=\"24\" data-lineheight=\"33.8333px\"><span style=\"font-size: 13px;\">Fotos: \u00a9 Karim Khawatmi, Karl Heinz Herber<strong>\u00a0<\/strong><\/span><\/h6>\n<h6 class=\"fusion-responsive-typography-calculated\" style=\"text-align: center;\" data-fontsize=\"24\" data-lineheight=\"33.8333px\"><span style=\"font-size: 13px;\">Webdesign &amp; Programmierung: Karl Heinz Herber<\/span><\/h6>\n<h6 class=\"fusion-responsive-typography-calculated\" style=\"text-align: center;\" data-fontsize=\"24\" data-lineheight=\"33.8333px\"><span style=\"font-size: 13px;\">Haftungsausschluss<\/span><\/h6>\n<h6 style=\"text-align: center;\"><span style=\"font-size: 13px;\">Die auf dieser Webseite zur Verf\u00fcgung gestellten Informationen und Daten bieten dem Nutzer einen \u00dcberblick \u00fcber ausgew\u00e4hlte Themen und Informationen zu Franz Frickel Schauspieler. Eine Haftung oder Garantie f\u00fcr die Aktualit\u00e4t, Richtigkeit und Vollst\u00e4ndigkeit der zur Verf\u00fcgung gestellten Informationen, Daten und Angebote ist jedoch ausgeschlossen. Dies gilt ebenso f\u00fcr alle anderen Websites, auf die mittels Hyperlink verwiesen wird. Franz Frickel ist f\u00fcr den Inhalt der Websites, die mittels einer solchen Verbindung erreicht werden, nicht verantwortlich. Er haftet weder f\u00fcr direkte noch indirekte Sch\u00e4den, die durch die Nutzung der Informationen oder Daten entstehen, die auf dieser Website zu finden sind.<\/span><\/h6>\n<h6 class=\"fusion-responsive-typography-calculated\" style=\"text-align: center;\" data-fontsize=\"24\" data-lineheight=\"33.8333px\"><span style=\"font-size: 13px;\">Copyright<\/span><\/h6>\n<h6 style=\"text-align: center;\"><span style=\"font-size: 13px;\">Die auf dieser Website verwendeten Texte, Bilder und Grafiken unterliegen dem Urheberrecht und anderen Gesetzen zum Schutze des geistigen Eigentums. Ihre Weitergabe, Ver\u00e4nderung, gewerbliche Nutzung oder Verwendung bedarf der Zustimmung von Franz Frickel.<\/span><\/h6>\n<\/div>\n<h6 class=\"fusion-clearfix\" style=\"text-align: center;\"><\/h6>\n<\/div>\n<\/div>\n<\/div>\n<\/div>\n<\/div>\n<\/div>\n<\/section>\n<\/div>\n<\/div>\n<\/div>\n<\/div>\n<\/div>\n<\/div>\n<\/section>\n<\/div>\n<\/div>\n<\/div>\n<p>[\/vc_column_text][\/vc_column][vc_column width=&#8220;1\/6&#8243;][\/vc_column][\/vc_row][vc_row][vc_column]<div class=\"cz_gap clr  hide_on_mobile\" style=\"height: 70px\"><\/div><div class=\"cz_gap show_on_mobile clr\" style=\"height: 30px\"><\/div>[\/vc_column][\/vc_row][vc_row][vc_column width=&#8220;1\/3&#8243;][\/vc_column][vc_column width=&#8220;1\/3&#8243;][vc_raw_html]JTNDYiUzRSUzQ2ZvbnQlMjBzaXplJTNEJTIyMiUyMiUzRSUzQ2NlbnRlciUzRSUzQ2ElMjBocmVmJTNEJTIyaHR0cHMlM0ElMkYlMkZkZS5mcmVlcGlrLmNvbSUyRnZla3RvcmVuLWtvc3RlbmxvcyUyRmZhcmJpZ2UtdmludGFnZS10aGVhdGVyLWV0aWtldHRlbi1zZXRfMTAwOTQxMjkuaHRtJTIzcXVlcnklM0R0aGVhdGVyJTI1MjBzeW1ib2xlJTI2cG9zaXRpb24lM0QyJTI2ZnJvbV92aWV3JTNEa2V5d29yZCUyNnRyYWNrJTNEYWlzJTI2dXVpZCUzRGRiODIzMzc4LWE0ZGYtNDhlZS04ODAwLWYzY2MzMTE2ZGI0NCUyMiUzRUxvZ28lM0ElMjBCaWxkJTIwdm9uJTIwbWFjcm92ZWN0b3IlM0MlMkZhJTNFJTIwYXVmJTIwRnJlZXBpayUzQ2NlbnRlciUzRSUzQ2ZvbnQlMjBzaXplJTNF[\/vc_raw_html][\/vc_column][vc_column width=&#8220;1\/3&#8243;][\/vc_column][\/vc_row]<\/p>\n<\/div>","protected":false},"excerpt":{"rendered":"<p>Anbieter im Sinne des Teledienstegesetzes (TDG) und des Mediendienste-Staatsvertrages (MDStV) und &#8230; <\/p>\n","protected":false},"author":1,"featured_media":0,"parent":0,"menu_order":0,"comment_status":"closed","ping_status":"closed","template":"","meta":{"footnotes":""},"class_list":["post-19","page","type-page","status-publish","hentry"],"_links":{"self":[{"href":"https:\/\/franzfrickel.de\/index.php?rest_route=\/wp\/v2\/pages\/19","targetHints":{"allow":["GET"]}}],"collection":[{"href":"https:\/\/franzfrickel.de\/index.php?rest_route=\/wp\/v2\/pages"}],"about":[{"href":"https:\/\/franzfrickel.de\/index.php?rest_route=\/wp\/v2\/types\/page"}],"author":[{"embeddable":true,"href":"https:\/\/franzfrickel.de\/index.php?rest_route=\/wp\/v2\/users\/1"}],"replies":[{"embeddable":true,"href":"https:\/\/franzfrickel.de\/index.php?rest_route=%2Fwp%2Fv2%2Fcomments&post=19"}],"version-history":[{"count":4,"href":"https:\/\/franzfrickel.de\/index.php?rest_route=\/wp\/v2\/pages\/19\/revisions"}],"predecessor-version":[{"id":1157,"href":"https:\/\/franzfrickel.de\/index.php?rest_route=\/wp\/v2\/pages\/19\/revisions\/1157"}],"wp:attachment":[{"href":"https:\/\/franzfrickel.de\/index.php?rest_route=%2Fwp%2Fv2%2Fmedia&parent=19"}],"curies":[{"name":"wp","href":"https:\/\/api.w.org\/{rel}","templated":true}]}}